 a prime number?
True
Is 29380171 prime?
False
Is 23605489 composite?
True
Is 2772901 a prime number?
True
Is 2204899 a composite number?
True
Is 279779 a composite number?
False
Is 270323 a prime number?
True
Is 46356941 prime?
False
Is 1787017 composite?
True
Is 20679251 a composite number?
False
Is 7252261 prime?
False
Is 1885211 a composite number?
True
Is 1248977 composite?
False
Is 1606081 a prime number?
True
Is 32443899 prime?
False
Is 260149 a prime number?
False
Is 1722803 composite?
True
Is 7542461 a prime number?
True
Is 5153551 a composite number?
True
Is 487149963 a composite number?
True
Is 341918711 prime?
False
Is 16569983 a composite number?
True
Is 813635 composite?
True
Is 280127665 a prime number?
False
Is 157969157 a composite number?
False
Is 655022821 a prime number?
False
Is 10737121 prime?
False
Is 14037133 prime?
False
Is 429559849 a composite number?
True
Is 407497 prime?
False
Is 6457163 prime?
True
Is 179891597 prime?
True
Is 3821411 prime?
False
Is 5718233 a prime number?
True
Is 3655447 a composite number?
False
Is 162517 prime?
True
Is 7439693 prime?
False
Is 16846751 a prime number?
True
Is 1654963 a prime number?
True
Is 26491499 a composite number?
False
Is 1926797 a composite number?
True
Is 1882987 a prime number?
False
Is 7443313 a prime number?
True
Is 8028977 composite?
True
Is 190116295 a composite number?
True
Is 4191311 composite?
False
Is 481816667 composite?
False
Is 21202261 a prime number?
True
Is 18461137 prime?
False
Is 2405231 prime?
False
Is 135654553 a composite number?
False
Is 83039233 a prime number?
True
Is 29530433 composite?
False
Is 68767757 a composite number?
False
Is 925497773 a composite number?
False
Is 29385277 composite?
True
Is 432659 a prime number?
True
Is 218891627 a prime number?
True
Is 23853899 a composite number?
True
Is 1149017 a prime number?
True
Is 224722873 a composite number?
False
Is 647573 composite?
True
Is 34726079 composite?
True
Is 6559487 composite?
True
Is 383765 a prime number?
False
Is 1298303 a prime number?
False
Is 32854147 a prime number?
True
Is 106457569 prime?
True
Is 8228281 prime?
False
Is 4091927 prime?
False
Is 21218303 a composite number?
False
Is 995901 composite?
True
Is 51194707 a composite number?
False
Is 426704363 composite?
False
Is 104306945 composite?
True
Is 23166523 a composite number?
True
Is 3634783 a prime number?
False
Is 153030323 a prime number?
False
Is 2637847 a prime number?
False
Is 16224986 composite?
True
Is 177238543 a prime number?
True
Is 645369 prime?
False
Is 2521591 a prime number?
True
Is 20006479 a composite number?
True
Is 15088883 a composite number?
True
Is 30766213 a prime number?
True
Is 401872573 composite?
False
Is 13381 a composite number?
False
Is 488902567 a composite number?
False
Is 83619111 a composite number?
True
Is 91187311 a composite number?
True
Is 765967 a composite number?
True
Is 4554367 prime?
False
Is 397062697 composite?
True
Is 6320459 a prime number?
True
Is 402299 prime?
True
Is 2465641 composite?
False
Is 5830547 composite?
False
Is 316531337 prime?
False
Is 622696885 prime?
False
Is 541020983 a prime number?
True
Is 23503823 a prime number?
False
Is 96439859 a prime number?
False
Is 53989261 a prime number?
True
Is 5155577 a composite number?
True
Is 1376131 a prime number?
True
Is 23616442 composite?
True
Is 102906721 composite?
False
Is 19028033 composite?
True
Is 24953 a composite number?
False
Is 53673509 composite?
False
Is 1132939 composite?
True
Is 3086579 prime?
True
Is 31773418 a prime number?
False
Is 222323615 prime?
False
Is 345721 prime?
False
Is 960329 prime?
True
Is 10450681 a composite number?
False
Is 182021 a composite number?
True
Is 4342831 a composite number?
True
Is 251297395 composite?
True
Is 14951299 a prime number?
False
Is 57894371 composite?
False
Is 63644419 composite?
False
Is 3072037 prime?
False
Is 79759133 prime?
True
Is 232885661 a prime number?
False
Is 15674519 composite?
True
Is 19396985 composite?
True
Is 666467873 prime?
False
Is 137312039 a composite number?
False
Is 390126419 composite?
False
Is 3276527 a prime number?
True
Is 18608707 a prime number?
False
Is 7521329 prime?
True
Is 54399157 a prime number?
False
Is 13999871 a prime number?
True
Is 24330883 a composite number?
False
Is 1227463 composite?
False
Is 670469 prime?
False
Is 5340641 composite?
False
Is 242727 prime?
False
Is 2170921 prime?
False
Is 1713709 a composite number?
False
Is 276113 a prime number?
True
Is 742807141 a prime number?
False
Is 374657 prime?
False
Is 428087 a prime number?
False
Is 422877719 a prime number?
False
Is 16307861 prime?
False
Is 5752959 a prime number?
False
Is 63434171 a composite number?
False
Is 1267607 a prime number?
False
Is 14795777 prime?
True
Is 8778629 a composite number?
False
Is 1719485 composite?
True
Is 5127077 a prime number?
False
Is 6537809 a prime number?
False
Is 350382167 a composite number?
True
Is 785938 composite?
True
Is 45077678 a composite number?
True
Is 3911266 a composite number?
True
Is 133778737 a prime number?
True
Is 20485393 prime?
False
Is 2056283 composite?
True
Is 71855429 composite?
False
Is 1943021 a composite number?
False
Is 45728093 composite?
True
Is 1431197159 composite?
True
Is 47103049 prime?
False
Is 10339369 composite?
False
Is 26631001 prime?
True
Is 14553463 prime?
False
Is 61417487 composite?
False
Is 15622043 composite?
False
Is 354253069 a prime number?
True
Is 5075113 a composite number?
False
Is 1852645 composite?
True
Is 59632621 composite?
True
Is 194809 prime?
True
Is 3810379 prime?
True
Is 935423 a prime number?
True
Is 21163919 a composite number?
True
Is 61852193 composite?
True
Is 59418577 prime?
True
Is 120376463 prime?
True
Is 35956871 composite?
False
Is 21306297 a prime number?
False
Is 2983283 prime?
False
Is 137398829 a prime number?
True
Is 197633665 a prime number?
False
Is 4932905 a composite number?
True
Is 3215477 prime?
False
Is 17537159 a composite number?
False
Is 3042107 prime?
True
Is 43924043 a composite number?
True
Is 2216519 composite?
False
Is 116035607 a composite number?
False
Is 19209602 a composite number?
True
Is 8933011 a prime number?
True
Is 45049757 a composite number?
True
Is 31146433 a composite number?
False
Is 35277559 a composite number?
False
Is 6996653 composite?
False
Is 6196933 prime?
True
Is 1017817 a composite number?
False
Is 283321471 a prime number?
True
Is 54213557 a composite number?
True
Is 666013 a composite number?
False
Is 8151683 composite?
True
Is 988541 composite?
False
Is 11568341 a composite number?
True
Is 18896761 a prime number?
False
Is 3206279 a prime number?
False
Is 91309343 a prime number?
True
Is 110577833 a prime number?
True
Is 577751 a composite number?
False
Is 397082861 composite?
True
Is 107676418 a composite number?
True
Is 129793 a composite number?
False
Is 4714433 a composite number?
True
Is 79096391 a prime number?
False
Is 10359949 composite?
False
Is 39430477 prime?
True
Is 520241 prime?
True
Is 860514781 prime?
False
Is 69453193 composite?
False
Is 9534857 prime?
False
Is 690869 a prime number?
True
Is 10958461 a composite number?
False
Is 20321053 prime?
True
Is 100697 prime?
False
Is 736871 composite?
False
Is 19737581 a composite number?
True
Is 33460171 a prime number?
False
Is 46675757 prime?
True
Is 3892489 a composite number?
True
Is 28746583 a composite number?
False
Is 171213823 composite?
True
Is 2726611 prime?
False
Is 51677737 composite?
False
Is 11117893 composite?
False
Is 377887753 composite?
True
Is 10930921 composite?
True
Is 4506473 prime?
True
Is 89185099 prime?
False
Is 1395263 composite?
False
Is 18295071 a composite number?
True
Is 2673303 prime?
False
Is 19185587 a prime number?
False
Is 1272457 a prime number?
False
Is 23724991 prime?
True
Is 45481 a composite number?
False
Is 13226965 a composite number?
True
Is 21305413 composite?
False
Is 165888659 prime?
False
Is 7968577 a prime number?
True
Is 154482991 a prime number?
False
Is 4195118 prime?
False
Is 376138777 a composite number?
True
Is 2187841 a prime number?
False
Is 123468857 prime?
True
Is 4903663 composite?
True
Is 3502703 composite?
True
Is 1281095 composite?
True
Is 29884313 prime?
False
Is 2402747 a prime number?
True